{"id":450,"date":"2019-11-18T15:11:45","date_gmt":"2019-11-18T14:11:45","guid":{"rendered":"http:\/\/physio.de.korti.me\/?page_id=450"},"modified":"2025-04-16T21:29:33","modified_gmt":"2025-04-16T19:29:33","slug":"unser-portrait-2","status":"publish","type":"page","link":"https:\/\/www.buergerliste-linsengericht.de\/index.php\/unser-portrait-2\/","title":{"rendered":"Unser Portrait"},"content":{"rendered":"<p>[et_pb_section fb_built=&#8220;1&#8243; fullwidth=&#8220;on&#8220; _builder_version=&#8220;4.16&#8243; _module_preset=&#8220;default&#8220; global_colors_info=&#8220;{}&#8220;][et_pb_fullwidth_image src=&#8220;https:\/\/www.buergerliste-linsengericht.de\/wp-content\/uploads\/2021\/09\/Vorstand-fuer-Homepage-geschnitten-scaled.jpg&#8220; title_text=&#8220;Vorstand f\u00fcr Homepage geschnitten&#8220; _builder_version=&#8220;4.16&#8243; _module_preset=&#8220;default&#8220; global_colors_info=&#8220;{}&#8220;][\/et_pb_fullwidth_image][\/et_pb_section][et_pb_section fb_built=&#8220;1&#8243; fullwidth=&#8220;on&#8220; _builder_version=&#8220;4.16&#8243; custom_padding=&#8220;0px|||||&#8220; global_colors_info=&#8220;{}&#8220;][et_pb_fullwidth_header header_scroll_down=&#8220;on&#8220; _builder_version=&#8220;4.16&#8243; min_height=&#8220;110px&#8220; custom_margin=&#8220;-13px||||false|false&#8220; custom_padding=&#8220;3px||36px|||&#8220; global_colors_info=&#8220;{}&#8220;]<\/p>\n<h2><strong>UNSER PORTRAIT &#8211; B\u00dcRGERLISTE \/ FREIE W\u00c4HLERGEMEINSCHAFT LINSENGERICHT<\/strong><\/h2>\n<p>[\/et_pb_fullwidth_header][\/et_pb_section][et_pb_section fb_built=&#8220;1&#8243; admin_label=&#8220;About Section&#8220; _builder_version=&#8220;4.16&#8243; background_color=&#8220;#ffffff&#8220; custom_padding=&#8220;8px|0px|8px|0px|true|false&#8220; global_colors_info=&#8220;{}&#8220;][et_pb_row column_structure=&#8220;3_4,1_4&#8243; _builder_version=&#8220;4.16&#8243; custom_margin=&#8220;15px||||false|false&#8220; global_colors_info=&#8220;{}&#8220;][et_pb_column type=&#8220;3_4&#8243; _builder_version=&#8220;4.16&#8243; custom_padding=&#8220;|||&#8220; global_colors_info=&#8220;{}&#8220; custom_padding__hover=&#8220;|||&#8220;][et_pb_text _builder_version=&#8220;4.16&#8243; text_font=&#8220;||||||||&#8220; link_font=&#8220;||||||||&#8220; ul_font=&#8220;||||||||&#8220; ol_font=&#8220;||||||||&#8220; quote_font=&#8220;||||||||&#8220; header_font=&#8220;||||||||&#8220; header_2_font=&#8220;||||||||&#8220; header_3_font=&#8220;Oswald|||on|||||&#8220; header_3_font_size=&#8220;20px&#8220; header_3_letter_spacing=&#8220;3px&#8220; header_3_line_height=&#8220;1.5em&#8220; header_4_font=&#8220;||||||||&#8220; max_width=&#8220;1000px&#8220; text_line_height_last_edited=&#8220;off|desktop&#8220; global_colors_info=&#8220;{}&#8220;]<\/p>\n<p>Die B\u00fcrgerliste\/Freie W\u00e4hlergemeinschaft Linsengericht tr\u00e4gt seit Gr\u00fcndung der Gro\u00dfgemeinde im Jahre 1970 Verantwortung in der Gemeinde Linsengericht. An den grundlegenden zukunftsorientierten Entscheidungen haben unsere Mandatstr\u00e4ger wesentlich mitgewirkt.<\/p>\n<p>Die am Rande des Spessarts gelegene aus f\u00fcnf Ortsteilen bestehende Kommune mit heute ca. 9.850 Einwohnern, hat nach dem Zusammenschluss 1970 eine stetige Aufw\u00e4rtsentwicklung genommen und z\u00e4hlt heute im Main-Kinzig-Kreis zu den finanziell noch halbwegs gesunden Gemeinden.<\/p>\n<p>Die erfolgreiche Kommunalpolitik zeigt sich in einer leistungsf\u00e4higen Infrastruktur, die zum Wohle unserer B\u00fcrger\/-innen geschaffen wurde. Beispielhaft die Versorgung mit Einrichtungen zum Wohle der Kinder und Jugendlichen. Durch den Neubau des Kindergartens Gro\u00dfenhausen\/L\u00fctzelhausen wurde hier eine L\u00fccke in der Versorgung mit ortsnahen Kindergartenpl\u00e4tzen geschlossen. Daneben wurden eine Vielzahl von Sportst\u00e4tten und Kinderspielpl\u00e4tzen in eigener Regie gebaut oder durch Zusch\u00fcsse gef\u00f6rdert.<\/p>\n<p>Auf die besonderen Gegebenheiten in den einzelnen Ortsteilen wurde Wert gelegt und die Identit\u00e4t der Ortsteile fand im Bau von B\u00fcrgerh\u00e4usern bzw. dem Bau einer Turnhalle, die auch als B\u00fcrgerhaus genutzt werden kann, Feuerwehrger\u00e4teh\u00e4usern, Friedh\u00f6fen mit Trauerhallen, etc. ihren Niederschlag.<\/p>\n<p>Daneben wurden erhebliche Finanzmittel in den Abwasserbereich investiert, um das Kanalnetz nach der Eigenkontrollverordnung (EVO) den gesetzlichen Bestimmungen entsprechend zu sanieren. Diese Sanierungsma\u00dfnahmen sind noch nicht abgeschlossen und werden das Budget der Gemeinde Linsengericht in den n\u00e4chsten Jahren noch erheblich belasten. Auch die Verbesserung des Verkehrswegenetzes (Stra\u00dfen, Rad-\/Gehwege) hat die Gemeindefinanzen erheblich belastet. Wobei wir die nach unserer Stra\u00dfenbeitragssatzung zu zahlenden Beitr\u00e4ge der B\u00fcrger\/-innen nicht unerw\u00e4hnt lassen m\u00f6chten.<\/p>\n<p>Mit dieser Aufz\u00e4hlung m\u00f6chten wir nur einen groben \u00dcberblick \u00fcber das bisher Geschaffene und die noch anstehenden Aufgaben vermitteln. Wir konnten das bisher nur verwirklichen, weil wir mit den uns zu Verf\u00fcgung stehenden Haushaltsmitteln m\u00f6glichst sparsam umgegangen sind und die w\u00fcnschenswerten Ma\u00dfnahmen vielfach zeitlich verschoben haben und in erster Linie die notwendigen Dinge umgesetzt haben.<\/p>\n<p>[\/et_pb_text][\/et_pb_column][et_pb_column type=&#8220;1_4&#8243; _builder_version=&#8220;4.16&#8243; custom_padding=&#8220;|||&#8220; global_colors_info=&#8220;{}&#8220; custom_padding__hover=&#8220;|||&#8220;][et_pb_text _builder_version=&#8220;4.16&#8243; global_colors_info=&#8220;{}&#8220;]<\/p>\n<h2>Unser Vorstand<\/h2>\n<p>[\/et_pb_text][et_pb_text _builder_version=&#8220;4.16&#8243; global_colors_info=&#8220;{}&#8220;]<\/p>\n<p><b>1. Vorsitzender<br \/><\/b>Ruben Hundhausen<\/p>\n<p><strong>2. Vorsitzender<br \/><\/strong>Dirk Seybold<\/p>\n<p><strong>Kassierer<br \/><\/strong>Klaus Balzer<\/p>\n<p><strong>stellv. Kassierer<\/strong><br \/>Wilfried Straub<\/p>\n<p><strong>Schriftf\u00fchrer<\/strong><br \/>Prof. Dr. Matthias Rohde<\/p>\n<p><strong>Pressewart + stellv. Schriftf\u00fchrer<\/strong><br \/>Sebastian Dein<\/p>\n<p><strong>Beisitzer<\/strong><br \/>N.N. &#8211; OT Altenhasslau<\/p>\n<p><strong>Beisitzer<\/strong><br \/>J\u00fcrgen R\u00f6scher &#8211; OT Eidenges\u00e4\u00df<\/p>\n<p><strong>Beisitzerin<\/strong><br \/>Anette Braun &#8211; OT Geislitz<\/p>\n<p><strong>Beisitzer<br \/><\/strong>Heinz Breitenbach &#8211; OT Gro\u00dfenhausen<\/p>\n<p><strong>Beisitzer<\/strong><br \/>Stephanie Knopp &#8211; OT L\u00fctzelhausen<\/p>\n<p>[\/et_pb_text][\/et_pb_column][\/et_pb_row][\/et_pb_section][et_pb_section fb_built=&#8220;1&#8243; fullwidth=&#8220;on&#8220; _builder_version=&#8220;4.16&#8243; background_image=&#8220;https:\/\/www.buergerliste-linsengericht.de\/wp-content\/uploads\/2020\/01\/RathausLinsengericht_1200_360.jpg&#8220; height=&#8220;229px&#8220; top_divider_style=&#8220;arrow&#8220; top_divider_color=&#8220;#ffffff&#8220; top_divider_height=&#8220;35px&#8220; bottom_divider_color=&#8220;#ffffff&#8220; bottom_divider_height=&#8220;38px&#8220; global_colors_info=&#8220;{}&#8220;][\/et_pb_section]<\/p>\n","protected":false},"excerpt":{"rendered":"<p>UNSER PORTRAIT &#8211; B\u00dcRGERLISTE \/ FREIE W\u00c4HLERGEMEINSCHAFT LINSENGERICHTDie B\u00fcrgerliste\/Freie W\u00e4hlergemeinschaft Linsengericht tr\u00e4gt seit Gr\u00fcndung der Gro\u00dfgemeinde im Jahre 1970 Verantwortung in der Gemeinde Linsengericht. An den grundlegenden zukunftsorientierten Entscheidungen haben unsere Mandatstr\u00e4ger wesentlich mitgewirkt. Die am Rande des Spessarts gelegene aus f\u00fcnf Ortsteilen bestehende Kommune mit heute ca. 9.850 Einwohnern, hat nach dem Zusammenschluss 1970 [&hellip;]<\/p>\n","protected":false},"author":1,"featured_media":0,"parent":0,"menu_order":0,"comment_status":"closed","ping_status":"closed","template":"","meta":{"_et_pb_use_builder":"on","_et_pb_old_content":"","_et_gb_content_width":"","footnotes":""},"class_list":["post-450","page","type-page","status-publish","hentry"],"_links":{"self":[{"href":"https:\/\/www.buergerliste-linsengericht.de\/index.php\/wp-json\/wp\/v2\/pages\/450","targetHints":{"allow":["GET"]}}],"collection":[{"href":"https:\/\/www.buergerliste-linsengericht.de\/index.php\/wp-json\/wp\/v2\/pages"}],"about":[{"href":"https:\/\/www.buergerliste-linsengericht.de\/index.php\/wp-json\/wp\/v2\/types\/page"}],"author":[{"embeddable":true,"href":"https:\/\/www.buergerliste-linsengericht.de\/index.php\/wp-json\/wp\/v2\/users\/1"}],"replies":[{"embeddable":true,"href":"https:\/\/www.buergerliste-linsengericht.de\/index.php\/wp-json\/wp\/v2\/comments?post=450"}],"version-history":[{"count":17,"href":"https:\/\/www.buergerliste-linsengericht.de\/index.php\/wp-json\/wp\/v2\/pages\/450\/revisions"}],"predecessor-version":[{"id":1875,"href":"https:\/\/www.buergerliste-linsengericht.de\/index.php\/wp-json\/wp\/v2\/pages\/450\/revisions\/1875"}],"wp:attachment":[{"href":"https:\/\/www.buergerliste-linsengericht.de\/index.php\/wp-json\/wp\/v2\/media?parent=450"}],"curies":[{"name":"wp","href":"https:\/\/api.w.org\/{rel}","templated":true}]}}

<p>[et_pb_section fb_built=&#8220;1&#8243; fullwidth=&#8220;on&#8220; _builder_version=&#8220;4.16&#8243; _module_preset=&#8220;default&#8220; global_colors_info=&#8220;{}&#8220;][et_pb_fullwidth_image src=&#8220;https://www.buergerliste-linsengericht.de/wp-content/uploads/2021/09/Vorstand-fuer-Homepage-geschnitten-scaled.jpg&#8220; title_text=&#8220;Vorstand für Homepage geschnitten&#8220; _builder_version=&#8220;4.16&#8243; _module_preset=&#8220;default&#8220; global_colors_info=&#8220;{}&#8220;][/et_pb_fullwidth_image][/et_pb_section][et_pb_section fb_built=&#8220;1&#8243; fullwidth=&#8220;on&#8220; _builder_version=&#8220;4.16&#8243; custom_padding=&#8220;0px|||||&#8220; global_colors_info=&#8220;{}&#8220;][et_pb_fullwidth_header header_scroll_down=&#8220;on&#8220; _builder_version=&#8220;4.16&#8243; min_height=&#8220;110px&#8220; custom_margin=&#8220;-13px||||false|false&#8220; custom_padding=&#8220;3px||36px|||&#8220; global_colors_info=&#8220;{}&#8220;]</p>
<h2><strong>UNSER PORTRAIT &#8211; BÜRGERLISTE / FREIE WÄHLERGEMEINSCHAFT LINSENGERICHT</strong></h2>
<p>[/et_pb_fullwidth_header][/et_pb_section][et_pb_section fb_built=&#8220;1&#8243; admin_label=&#8220;About Section&#8220; _builder_version=&#8220;4.16&#8243; background_color=&#8220;#ffffff&#8220; custom_padding=&#8220;8px|0px|8px|0px|true|false&#8220; global_colors_info=&#8220;{}&#8220;][et_pb_row column_structure=&#8220;3_4,1_4&#8243; _builder_version=&#8220;4.16&#8243; custom_margin=&#8220;15px||||false|false&#8220; global_colors_info=&#8220;{}&#8220;][et_pb_column type=&#8220;3_4&#8243; _builder_version=&#8220;4.16&#8243; custom_padding=&#8220;|||&#8220; global_colors_info=&#8220;{}&#8220; custom_padding__hover=&#8220;|||&#8220;][et_pb_text _builder_version=&#8220;4.16&#8243; text_font=&#8220;||||||||&#8220; link_font=&#8220;||||||||&#8220; ul_font=&#8220;||||||||&#8220; ol_font=&#8220;||||||||&#8220; quote_font=&#8220;||||||||&#8220; header_font=&#8220;||||||||&#8220; header_2_font=&#8220;||||||||&#8220; header_3_font=&#8220;Oswald|||on|||||&#8220; header_3_font_size=&#8220;20px&#8220; header_3_letter_spacing=&#8220;3px&#8220; header_3_line_height=&#8220;1.5em&#8220; header_4_font=&#8220;||||||||&#8220; max_width=&#8220;1000px&#8220; text_line_height_last_edited=&#8220;off|desktop&#8220; global_colors_info=&#8220;{}&#8220;]</p>
<p>Die Bürgerliste/Freie Wählergemeinschaft Linsengericht trägt seit Gründung der Großgemeinde im Jahre 1970 Verantwortung in der Gemeinde Linsengericht. An den grundlegenden zukunftsorientierten Entscheidungen haben unsere Mandatsträger wesentlich mitgewirkt.</p>
<p>Die am Rande des Spessarts gelegene aus fünf Ortsteilen bestehende Kommune mit heute ca. 9.850 Einwohnern, hat nach dem Zusammenschluss 1970 eine stetige Aufwärtsentwicklung genommen und zählt heute im Main-Kinzig-Kreis zu den finanziell noch halbwegs gesunden Gemeinden.</p>
<p>Die erfolgreiche Kommunalpolitik zeigt sich in einer leistungsfähigen Infrastruktur, die zum Wohle unserer Bürger/-innen geschaffen wurde. Beispielhaft die Versorgung mit Einrichtungen zum Wohle der Kinder und Jugendlichen. Durch den Neubau des Kindergartens Großenhausen/Lützelhausen wurde hier eine Lücke in der Versorgung mit ortsnahen Kindergartenplätzen geschlossen. Daneben wurden eine Vielzahl von Sportstätten und Kinderspielplätzen in eigener Regie gebaut oder durch Zuschüsse gefördert.</p>
<p>Auf die besonderen Gegebenheiten in den einzelnen Ortsteilen wurde Wert gelegt und die Identität der Ortsteile fand im Bau von Bürgerhäusern bzw. dem Bau einer Turnhalle, die auch als Bürgerhaus genutzt werden kann, Feuerwehrgerätehäusern, Friedhöfen mit Trauerhallen, etc. ihren Niederschlag.</p>
<p>Daneben wurden erhebliche Finanzmittel in den Abwasserbereich investiert, um das Kanalnetz nach der Eigenkontrollverordnung (EVO) den gesetzlichen Bestimmungen entsprechend zu sanieren. Diese Sanierungsmaßnahmen sind noch nicht abgeschlossen und werden das Budget der Gemeinde Linsengericht in den nächsten Jahren noch erheblich belasten. Auch die Verbesserung des Verkehrswegenetzes (Straßen, Rad-/Gehwege) hat die Gemeindefinanzen erheblich belastet. Wobei wir die nach unserer Straßenbeitragssatzung zu zahlenden Beiträge der Bürger/-innen nicht unerwähnt lassen möchten.</p>
<p>Mit dieser Aufzählung möchten wir nur einen groben Überblick über das bisher Geschaffene und die noch anstehenden Aufgaben vermitteln. Wir konnten das bisher nur verwirklichen, weil wir mit den uns zu Verfügung stehenden Haushaltsmitteln möglichst sparsam umgegangen sind und die wünschenswerten Maßnahmen vielfach zeitlich verschoben haben und in erster Linie die notwendigen Dinge umgesetzt haben.</p>
<p>[/et_pb_text][/et_pb_column][et_pb_column type=&#8220;1_4&#8243; _builder_version=&#8220;4.16&#8243; custom_padding=&#8220;|||&#8220; global_colors_info=&#8220;{}&#8220; custom_padding__hover=&#8220;|||&#8220;][et_pb_text _builder_version=&#8220;4.16&#8243; global_colors_info=&#8220;{}&#8220;]</p>
<h2>Unser Vorstand</h2>
<p>[/et_pb_text][et_pb_text _builder_version=&#8220;4.16&#8243; global_colors_info=&#8220;{}&#8220;]</p>
<p><b>1. Vorsitzender<br /></b>Ruben Hundhausen</p>
<p><strong>2. Vorsitzender<br /></strong>Dirk Seybold</p>
<p><strong>Kassierer<br /></strong>Klaus Balzer</p>
<p><strong>stellv. Kassierer</strong><br />Wilfried Straub</p>
<p><strong>Schriftführer</strong><br />Prof. Dr. Matthias Rohde</p>
<p><strong>Pressewart + stellv. Schriftführer</strong><br />Sebastian Dein</p>
<p><strong>Beisitzer</strong><br />N.N. &#8211; OT Altenhasslau</p>
<p><strong>Beisitzer</strong><br />Jürgen Röscher &#8211; OT Eidengesäß</p>
<p><strong>Beisitzerin</strong><br />Anette Braun &#8211; OT Geislitz</p>
<p><strong>Beisitzer<br /></strong>Heinz Breitenbach &#8211; OT Großenhausen</p>
<p><strong>Beisitzer</strong><br />Stephanie Knopp &#8211; OT Lützelhausen</p>
<p>[/et_pb_text][/et_pb_column][/et_pb_row][/et_pb_section][et_pb_section fb_built=&#8220;1&#8243; fullwidth=&#8220;on&#8220; _builder_version=&#8220;4.16&#8243; background_image=&#8220;https://www.buergerliste-linsengericht.de/wp-content/uploads/2020/01/RathausLinsengericht_1200_360.jpg&#8220; height=&#8220;229px&#8220; top_divider_style=&#8220;arrow&#8220; top_divider_color=&#8220;#ffffff&#8220; top_divider_height=&#8220;35px&#8220; bottom_divider_color=&#8220;#ffffff&#8220; bottom_divider_height=&#8220;38px&#8220; global_colors_info=&#8220;{}&#8220;][/et_pb_section]</p>

<p>UNSER PORTRAIT &#8211; BÜRGERLISTE / FREIE WÄHLERGEMEINSCHAFT LINSENGERICHTDie Bürgerliste/Freie Wählergemeinschaft Linsengericht trägt seit Gründung der Großgemeinde im Jahre 1970 Verantwortung in der Gemeinde Linsengericht. An den grundlegenden zukunftsorientierten Entscheidungen haben unsere Mandatsträger wesentlich mitgewirkt. Die am Rande des Spessarts gelegene aus fünf Ortsteilen bestehende Kommune mit heute ca. 9.850 Einwohnern, hat nach dem Zusammenschluss 1970 [&hellip;]</p>
