{"id":444,"date":"2019-11-18T15:00:19","date_gmt":"2019-11-18T14:00:19","guid":{"rendered":"http:\/\/physio.de.korti.me\/?page_id=444"},"modified":"2025-04-16T21:26:32","modified_gmt":"2025-04-16T19:26:32","slug":"444-2","status":"publish","type":"page","link":"https:\/\/www.buergerliste-linsengericht.de\/index.php\/444-2\/","title":{"rendered":"Wir \u00fcber uns"},"content":{"rendered":"<p>[et_pb_section fb_built=&#8220;1&#8243; fullwidth=&#8220;on&#8220; _builder_version=&#8220;4.16&#8243; _module_preset=&#8220;default&#8220; global_colors_info=&#8220;{}&#8220;][et_pb_fullwidth_image src=&#8220;https:\/\/www.buergerliste-linsengericht.de\/wp-content\/uploads\/2021\/09\/Vorstand-fuer-Homepage-geschnitten-scaled.jpg&#8220; title_text=&#8220;Vorstand f\u00fcr Homepage geschnitten&#8220; _builder_version=&#8220;4.16&#8243; _module_preset=&#8220;default&#8220; global_colors_info=&#8220;{}&#8220;][\/et_pb_fullwidth_image][\/et_pb_section][et_pb_section fb_built=&#8220;1&#8243; fullwidth=&#8220;on&#8220; _builder_version=&#8220;4.16&#8243; min_height=&#8220;171px&#8220; global_colors_info=&#8220;{}&#8220;][et_pb_fullwidth_header header_scroll_down=&#8220;on&#8220; _builder_version=&#8220;4.16&#8243; min_height=&#8220;134px&#8220; custom_margin=&#8220;-72px||25px||false|false&#8220; custom_padding=&#8220;1px||0px|||&#8220; global_colors_info=&#8220;{}&#8220;]<\/p>\n<h2><strong>UNSER LEITFADEN &#8211; B\u00dcRGERLISTE \/ FREIE W\u00c4HLERGEMEINSCHAFT LINSENGERICHT<\/strong><\/h2>\n<p>[\/et_pb_fullwidth_header][\/et_pb_section][et_pb_section fb_built=&#8220;1&#8243; admin_label=&#8220;About Section&#8220; _builder_version=&#8220;4.16&#8243; background_color=&#8220;#ffffff&#8220; custom_padding=&#8220;8px|0px|8px|0px|true|false&#8220; global_colors_info=&#8220;{}&#8220;][et_pb_row column_structure=&#8220;3_4,1_4&#8243; _builder_version=&#8220;4.16&#8243; global_colors_info=&#8220;{}&#8220;][et_pb_column type=&#8220;3_4&#8243; _builder_version=&#8220;4.16&#8243; custom_padding=&#8220;|||&#8220; global_colors_info=&#8220;{}&#8220; custom_padding__hover=&#8220;|||&#8220;][et_pb_text _builder_version=&#8220;4.16&#8243; text_font=&#8220;Lora||||||||&#8220; text_font_size=&#8220;18px&#8220; text_line_height=&#8220;2em&#8220; link_font=&#8220;||||||||&#8220; ul_font=&#8220;||||||||&#8220; ol_font=&#8220;||||||||&#8220; quote_font=&#8220;||||||||&#8220; header_font=&#8220;||||||||&#8220; header_2_font=&#8220;||||||||&#8220; header_3_font=&#8220;Oswald|||on|||||&#8220; header_3_font_size=&#8220;20px&#8220; header_3_letter_spacing=&#8220;3px&#8220; header_3_line_height=&#8220;1.5em&#8220; header_4_font=&#8220;||||||||&#8220; max_width=&#8220;1000px&#8220; text_line_height_last_edited=&#8220;off|desktop&#8220; global_colors_info=&#8220;{}&#8220;]<\/p>\n<h3>Wir sind<\/h3>\n<p>eine Gemeinschaft von Linsengerichter B\u00fcrgerinnen und B\u00fcrgern, die sich f\u00fcr das Wohl unserer Gemeinde Linsengericht einsetzt. Wir bringen unser Fachwissen und unseren Sachverstand seit Bestehen unserer Gemeinde Linsengericht in die Gremien der kommunalen Selbstverwaltung ein.<\/p>\n<h3>Wir wollen<\/h3>\n<p>weder Dogmatismus noch Ideologie, sondern eine offene ehrlich gef\u00fchrte Diskussion mit Entscheidungen, die sich an den sachlichen Notwendigkeiten und &#8211; soweit m\u00f6glich &#8211; den finanziellen M\u00f6glichkeiten ausrichten zum gr\u00f6\u00dftm\u00f6glichen Nutzen unserer Gemeinde Linsengericht und ihren B\u00fcrgerinnen und B\u00fcrgern.<\/p>\n<h3>Wir f\u00f6rdern<\/h3>\n<p>alle kulturellen, sozialen, sportlichen und umweltschonenden Aktivit\u00e4ten der Linsengerichter Vereine und Interessenguppen nach festgelegtem Modus.<\/p>\n<h3>Wir erledigen<\/h3>\n<p>die kommunalen Aufgaben, ausgerichtet an den Linsengerichter Haushaltsm\u00f6glichkeiten und &#8211; soweit in der heutigen Zeit noch m\u00f6glich &#8211; ohne Neuverschuldungen aufzubauen.<\/p>\n<h3>Wir wehren<\/h3>\n<p>uns gegen die sinnlosen Kosten\u00fcbernahmen von Kreis- und Landesaufgaben, die von den politischen Parteien in Linsengericht in der Vergangenheit teilweise populistisch verbreitet wurden.<\/p>\n<h3>Wir tragen<\/h3>\n<p>dazu bei, dass das Miteinander in den Gremien von gegenseitigem Respekt getragen und in einem vern\u00fcnftigen Stil stattfindet. Es gibt viele Parteien, aber in ihnen gibt es zu wenige unabh\u00e4ngige B\u00fcrgervertreter, die frei von Einschr\u00e4nkungen und Zw\u00e4ngen, die mit der &#8222;Parteidisziplin&#8220; untrennbar verbunden sind, denken und handeln.<\/p>\n<p>[\/et_pb_text][\/et_pb_column][et_pb_column type=&#8220;1_4&#8243; _builder_version=&#8220;4.16&#8243; custom_padding=&#8220;|||&#8220; global_colors_info=&#8220;{}&#8220; custom_padding__hover=&#8220;|||&#8220;][et_pb_text _builder_version=&#8220;4.16&#8243; global_colors_info=&#8220;{}&#8220;]<\/p>\n<h2>Unser Vorstand<\/h2>\n<p>[\/et_pb_text][et_pb_text _builder_version=&#8220;4.16&#8243; global_colors_info=&#8220;{}&#8220;]<\/p>\n<div class=\"et_pb_module et_pb_text et_pb_text_3 et_pb_bg_layout_light  et_pb_text_align_left\">\n<div class=\"et_pb_text_inner\">\n<div class=\"et_pb_module et_pb_text et_pb_text_2 et_pb_bg_layout_light  et_pb_text_align_left\">\n<div class=\"et_pb_text_inner\">\n<p><b>1. Vorsitzender<br \/><\/b><\/p>\n<p style=\"background-color: #ffffff;\">Ruben Hundhausen<\/p>\n<p><strong>2. <\/strong><strong>Vorsitzender<\/strong><\/p>\n<p>Dirk Seybold<\/p>\n<p><strong>Kassierer<br \/><\/strong>Klaus Balzer<\/p>\n<p><strong>stellv. Kassierer<\/strong><br \/>Wilfried Straub<\/p>\n<p><strong>Schriftf\u00fchrer<\/strong><br \/>Prof. Dr. Matthias Rohde<\/p>\n<p><strong>Pressewart + stellv. Schriftf\u00fchrer<\/strong><br \/>Sebastian Dein<\/p>\n<p><strong>Beisitzer<\/strong><br \/>N.N. \u2013 OT Altenhasslau<\/p>\n<p><strong>Beisitzer<\/strong><br \/>J\u00fcrgen R\u00f6scher \u2013 OT Eidenges\u00e4\u00df<\/p>\n<p><strong>Beisitzerin<\/strong><br \/>Anette Braun \u2013 OT Geislitz<\/p>\n<p><strong>Beisitzer<br \/><\/strong>Heinz Breitenbach \u2013 OT Gro\u00dfenhausen<\/p>\n<p><strong>Beisitzer<\/strong><br \/>Stephanie Knopp \u2013 OT L\u00fctzelhausen<\/p>\n<\/div>\n<\/div>\n<\/div>\n<\/div>\n<p>[\/et_pb_text][\/et_pb_column][\/et_pb_row][\/et_pb_section][et_pb_section fb_built=&#8220;1&#8243; fullwidth=&#8220;on&#8220; _builder_version=&#8220;4.16&#8243; background_image=&#8220;https:\/\/www.buergerliste-linsengericht.de\/wp-content\/uploads\/2020\/01\/RathausLinsengericht_1200_360.jpg&#8220; height=&#8220;229px&#8220; top_divider_style=&#8220;arrow&#8220; top_divider_color=&#8220;#ffffff&#8220; top_divider_height=&#8220;35px&#8220; bottom_divider_color=&#8220;#ffffff&#8220; bottom_divider_height=&#8220;38px&#8220; global_colors_info=&#8220;{}&#8220;][\/et_pb_section]<\/p>\n","protected":false},"excerpt":{"rendered":"<p>UNSER LEITFADEN &#8211; B\u00dcRGERLISTE \/ FREIE W\u00c4HLERGEMEINSCHAFT LINSENGERICHTWir sind eine Gemeinschaft von Linsengerichter B\u00fcrgerinnen und B\u00fcrgern, die sich f\u00fcr das Wohl unserer Gemeinde Linsengericht einsetzt. Wir bringen unser Fachwissen und unseren Sachverstand seit Bestehen unserer Gemeinde Linsengericht in die Gremien der kommunalen Selbstverwaltung ein. Wir wollen weder Dogmatismus noch Ideologie, sondern eine offene ehrlich gef\u00fchrte [&hellip;]<\/p>\n","protected":false},"author":1,"featured_media":0,"parent":0,"menu_order":0,"comment_status":"closed","ping_status":"closed","template":"","meta":{"_et_pb_use_builder":"on","_et_pb_old_content":"","_et_gb_content_width":"","footnotes":""},"class_list":["post-444","page","type-page","status-publish","hentry"],"_links":{"self":[{"href":"https:\/\/www.buergerliste-linsengericht.de\/index.php\/wp-json\/wp\/v2\/pages\/444","targetHints":{"allow":["GET"]}}],"collection":[{"href":"https:\/\/www.buergerliste-linsengericht.de\/index.php\/wp-json\/wp\/v2\/pages"}],"about":[{"href":"https:\/\/www.buergerliste-linsengericht.de\/index.php\/wp-json\/wp\/v2\/types\/page"}],"author":[{"embeddable":true,"href":"https:\/\/www.buergerliste-linsengericht.de\/index.php\/wp-json\/wp\/v2\/users\/1"}],"replies":[{"embeddable":true,"href":"https:\/\/www.buergerliste-linsengericht.de\/index.php\/wp-json\/wp\/v2\/comments?post=444"}],"version-history":[{"count":16,"href":"https:\/\/www.buergerliste-linsengericht.de\/index.php\/wp-json\/wp\/v2\/pages\/444\/revisions"}],"predecessor-version":[{"id":1873,"href":"https:\/\/www.buergerliste-linsengericht.de\/index.php\/wp-json\/wp\/v2\/pages\/444\/revisions\/1873"}],"wp:attachment":[{"href":"https:\/\/www.buergerliste-linsengericht.de\/index.php\/wp-json\/wp\/v2\/media?parent=444"}],"curies":[{"name":"wp","href":"https:\/\/api.w.org\/{rel}","templated":true}]}}

Wir über uns

<p>[et_pb_section fb_built=&#8220;1&#8243; fullwidth=&#8220;on&#8220; _builder_version=&#8220;4.16&#8243; _module_preset=&#8220;default&#8220; global_colors_info=&#8220;{}&#8220;][et_pb_fullwidth_image src=&#8220;https://www.buergerliste-linsengericht.de/wp-content/uploads/2021/09/Vorstand-fuer-Homepage-geschnitten-scaled.jpg&#8220; title_text=&#8220;Vorstand für Homepage geschnitten&#8220; _builder_version=&#8220;4.16&#8243; _module_preset=&#8220;default&#8220; global_colors_info=&#8220;{}&#8220;][/et_pb_fullwidth_image][/et_pb_section][et_pb_section fb_built=&#8220;1&#8243; fullwidth=&#8220;on&#8220; _builder_version=&#8220;4.16&#8243; min_height=&#8220;171px&#8220; global_colors_info=&#8220;{}&#8220;][et_pb_fullwidth_header header_scroll_down=&#8220;on&#8220; _builder_version=&#8220;4.16&#8243; min_height=&#8220;134px&#8220; custom_margin=&#8220;-72px||25px||false|false&#8220; custom_padding=&#8220;1px||0px|||&#8220; global_colors_info=&#8220;{}&#8220;]</p>
<h2><strong>UNSER LEITFADEN &#8211; BÜRGERLISTE / FREIE WÄHLERGEMEINSCHAFT LINSENGERICHT</strong></h2>
<p>[/et_pb_fullwidth_header][/et_pb_section][et_pb_section fb_built=&#8220;1&#8243; admin_label=&#8220;About Section&#8220; _builder_version=&#8220;4.16&#8243; background_color=&#8220;#ffffff&#8220; custom_padding=&#8220;8px|0px|8px|0px|true|false&#8220; global_colors_info=&#8220;{}&#8220;][et_pb_row column_structure=&#8220;3_4,1_4&#8243; _builder_version=&#8220;4.16&#8243; global_colors_info=&#8220;{}&#8220;][et_pb_column type=&#8220;3_4&#8243; _builder_version=&#8220;4.16&#8243; custom_padding=&#8220;|||&#8220; global_colors_info=&#8220;{}&#8220; custom_padding__hover=&#8220;|||&#8220;][et_pb_text _builder_version=&#8220;4.16&#8243; text_font=&#8220;Lora||||||||&#8220; text_font_size=&#8220;18px&#8220; text_line_height=&#8220;2em&#8220; link_font=&#8220;||||||||&#8220; ul_font=&#8220;||||||||&#8220; ol_font=&#8220;||||||||&#8220; quote_font=&#8220;||||||||&#8220; header_font=&#8220;||||||||&#8220; header_2_font=&#8220;||||||||&#8220; header_3_font=&#8220;Oswald|||on|||||&#8220; header_3_font_size=&#8220;20px&#8220; header_3_letter_spacing=&#8220;3px&#8220; header_3_line_height=&#8220;1.5em&#8220; header_4_font=&#8220;||||||||&#8220; max_width=&#8220;1000px&#8220; text_line_height_last_edited=&#8220;off|desktop&#8220; global_colors_info=&#8220;{}&#8220;]</p>
<h3>Wir sind</h3>
<p>eine Gemeinschaft von Linsengerichter Bürgerinnen und Bürgern, die sich für das Wohl unserer Gemeinde Linsengericht einsetzt. Wir bringen unser Fachwissen und unseren Sachverstand seit Bestehen unserer Gemeinde Linsengericht in die Gremien der kommunalen Selbstverwaltung ein.</p>
<h3>Wir wollen</h3>
<p>weder Dogmatismus noch Ideologie, sondern eine offene ehrlich geführte Diskussion mit Entscheidungen, die sich an den sachlichen Notwendigkeiten und &#8211; soweit möglich &#8211; den finanziellen Möglichkeiten ausrichten zum größtmöglichen Nutzen unserer Gemeinde Linsengericht und ihren Bürgerinnen und Bürgern.</p>
<h3>Wir fördern</h3>
<p>alle kulturellen, sozialen, sportlichen und umweltschonenden Aktivitäten der Linsengerichter Vereine und Interessenguppen nach festgelegtem Modus.</p>
<h3>Wir erledigen</h3>
<p>die kommunalen Aufgaben, ausgerichtet an den Linsengerichter Haushaltsmöglichkeiten und &#8211; soweit in der heutigen Zeit noch möglich &#8211; ohne Neuverschuldungen aufzubauen.</p>
<h3>Wir wehren</h3>
<p>uns gegen die sinnlosen Kostenübernahmen von Kreis- und Landesaufgaben, die von den politischen Parteien in Linsengericht in der Vergangenheit teilweise populistisch verbreitet wurden.</p>
<h3>Wir tragen</h3>
<p>dazu bei, dass das Miteinander in den Gremien von gegenseitigem Respekt getragen und in einem vernünftigen Stil stattfindet. Es gibt viele Parteien, aber in ihnen gibt es zu wenige unabhängige Bürgervertreter, die frei von Einschränkungen und Zwängen, die mit der &#8222;Parteidisziplin&#8220; untrennbar verbunden sind, denken und handeln.</p>
<p>[/et_pb_text][/et_pb_column][et_pb_column type=&#8220;1_4&#8243; _builder_version=&#8220;4.16&#8243; custom_padding=&#8220;|||&#8220; global_colors_info=&#8220;{}&#8220; custom_padding__hover=&#8220;|||&#8220;][et_pb_text _builder_version=&#8220;4.16&#8243; global_colors_info=&#8220;{}&#8220;]</p>
<h2>Unser Vorstand</h2>
<p>[/et_pb_text][et_pb_text _builder_version=&#8220;4.16&#8243; global_colors_info=&#8220;{}&#8220;]</p>
<div class="et_pb_module et_pb_text et_pb_text_3 et_pb_bg_layout_light  et_pb_text_align_left">
<div class="et_pb_text_inner">
<div class="et_pb_module et_pb_text et_pb_text_2 et_pb_bg_layout_light  et_pb_text_align_left">
<div class="et_pb_text_inner">
<p><b>1. Vorsitzender<br /></b></p>
<p style="background-color: #ffffff;">Ruben Hundhausen</p>
<p><strong>2. </strong><strong>Vorsitzender</strong></p>
<p>Dirk Seybold</p>
<p><strong>Kassierer<br /></strong>Klaus Balzer</p>
<p><strong>stellv. Kassierer</strong><br />Wilfried Straub</p>
<p><strong>Schriftführer</strong><br />Prof. Dr. Matthias Rohde</p>
<p><strong>Pressewart + stellv. Schriftführer</strong><br />Sebastian Dein</p>
<p><strong>Beisitzer</strong><br />N.N. – OT Altenhasslau</p>
<p><strong>Beisitzer</strong><br />Jürgen Röscher – OT Eidengesäß</p>
<p><strong>Beisitzerin</strong><br />Anette Braun – OT Geislitz</p>
<p><strong>Beisitzer<br /></strong>Heinz Breitenbach – OT Großenhausen</p>
<p><strong>Beisitzer</strong><br />Stephanie Knopp – OT Lützelhausen</p>
</div>
</div>
</div>
</div>
<p>[/et_pb_text][/et_pb_column][/et_pb_row][/et_pb_section][et_pb_section fb_built=&#8220;1&#8243; fullwidth=&#8220;on&#8220; _builder_version=&#8220;4.16&#8243; background_image=&#8220;https://www.buergerliste-linsengericht.de/wp-content/uploads/2020/01/RathausLinsengericht_1200_360.jpg&#8220; height=&#8220;229px&#8220; top_divider_style=&#8220;arrow&#8220; top_divider_color=&#8220;#ffffff&#8220; top_divider_height=&#8220;35px&#8220; bottom_divider_color=&#8220;#ffffff&#8220; bottom_divider_height=&#8220;38px&#8220; global_colors_info=&#8220;{}&#8220;][/et_pb_section]</p>

<p>UNSER LEITFADEN &#8211; BÜRGERLISTE / FREIE WÄHLERGEMEINSCHAFT LINSENGERICHTWir sind eine Gemeinschaft von Linsengerichter Bürgerinnen und Bürgern, die sich für das Wohl unserer Gemeinde Linsengericht einsetzt. Wir bringen unser Fachwissen und unseren Sachverstand seit Bestehen unserer Gemeinde Linsengericht in die Gremien der kommunalen Selbstverwaltung ein. Wir wollen weder Dogmatismus noch Ideologie, sondern eine offene ehrlich geführte [&hellip;]</p>
